ivided by 54.
51
Suppose -k = 4*g - 1992, 3*g + 7*k - 10*k = 1494. Calculate the remainder when g is divided by 20.
18
Let a = -58 - -87. Let k = -13 + a. Calculate the remainder when -1 - (2/8*4 + -65) is divided by k.
15
What is the remainder when 351 is divided by 95 + (-1 - 8) - -10?
63
Calculate the remainder when 129 - -1 - (-225)/75 is divided by 43.
4
Let l be 6/18*0/(-1). Suppose -7 = -l*b - b. Suppose 4*q - 51 = b*j - 2*j, -3*q - 5*j = -12. What is the remainder when 33 is divided by q?
6
Let x = -26 - -50. Let h(j) = -j**2 - 8*j + 9. Calculate the remainder when x is divided by h(-8).
6
Calculate the remainder when 50*(-4 + (-99)/(-18)) is divided by 11.
9
Suppose 68*x + 312 = 74*x. Suppose 5*j = 3*v - 124, -5*v = 4*j - x - 130. What is the remainder when 73 is divided by v?
35
Let o(g) = g**3 + 4*g**2 + 9*g**2 - 15 - 6*g + 0*g + 5*g. Let l be o(-13). Calculate the remainder when 83 is divided by (-68*l/4)/2.
15
Let i(p) = -37*p - 992. What is the remainder when 746 is divided by i(-28)?
42
Let y be -2 - (-3)/(-2 + 3). Calculate the remainder when 82 - (1 - (1 - y)) - -2 is divided by 12*(1 + 3/4).
20
Let o = 21 - 19. Suppose -6*j + j + 100 = o*v, 3*v + 4*j = 143. Suppose 2*g - 4*r - 16 - 44 = 0, -4*g + 84 = 4*r. What is the remainder when v is divided by g?
21
Let r be ((-220)/(-15))/(-1*(-3)/(-27)). Let o = -130 - r. Suppose 3*u = 4*h - 24, 0*h + 2*u - 12 = -2*h. What is the remainder when h is divided by o?
0
Let i(d) = -32*d - 124. What is the remainder when 145 is divided by i(-6)?
9
Let z(o) = o**3 + 10*o**2 + 13. Suppose h + 12 = 2. What is the remainder when 51 is divided by z(h)?
12
Suppose -6*c + 5*c + 83 = 0. Calculate the remainder when c is divided by 42.
41
Let k(y) = 40*y**3 + 3. Let j(x) = 20*x**3 + 2. Let q(h) = 5*j(h) - 3*k(h). Let d be q(-1). Calculate the remainder when 78 is divided by (-222)/(-14) + 3/d.
14
Let i(l) = -l + 14. Let y = 7 + -9. Let c(h) = -3*h + 2. Let z be c(y). What is the remainder when 23 is divided by i(z)?
5
Let v(i) = i**3 + 10*i**2 - 24*i - 16. Let p be v(-11). Suppose 3*k - p = 2*k - 4*f, -2*k - f = -247. What is the remainder when k is divided by 18?
15
Let n(l) = 2*l - 1. Let q(b) = -b**3 + 9*b**2 - 7*b - 7. Let g be q(8). Let d be n(g). Calculate the remainder when 53 is divided by d*21*(-12)/(-18).
11
What is the remainder when 144/27*(-174)/(-4) is divided by 13?
11
Let m(t) = -t - 4. Suppose -8*d + 5*d - 30 = 0. Let w be m(d). What is the remainder when 321/w - (-2)/(-4) is divided by 18?
17
Let l = -13 + 17. Calculate the remainder when (-79)/(-1) + 4/l + -3 is divided by 39.
38
Let k be (-114)/42 - 2/7. Calculate the remainder when (-25)/((-4)/(-12)*k) is divided by 9.
7
Suppose 47 = h - 0*h. Let b be (-12)/(-21) - 75/21. What is the remainder when h is divided by (68/12)/((-1)/b)?
13
Let s be (-2)/1*(55 - 2). Let o = 118 + s. What is the remainder when 42 is divided by o?
6
Suppose 0 = -4*g - 5*b + 62, 4*g + b - 54 = -0*g. Let o = 115 + g. Calculate the remainder when o is divided by 26.
24
Suppose 3*q + 1 = -2*f, -3*q - 3 = 6. Calculate the remainder when (-1)/6 + (-86)/(-12) is divided by f.
3
Let f(s) be the first derivative of s**3/3 - 4*s + 13. What is the remainder when 79 is divided by f(-5)?
16
Suppose 0 = q - 5*q - g + 42, 4*g + 32 = 4*q. What is the remainder when q is divided by 4?
2
Let z be 13/91 + (-2)/14. Suppose -4*h = z, h = -r + 15 - 6. Calculate the remainder when 19 is divided by r.
1
Let d(l) = l - 4. Let k be d(4). Suppose 0 = -k*h - 5*h + 185. Suppose 0 = 3*t - 484 + 454. Calculate the remainder when h is divided by t.
7
What is the remainder when (1 + 230/(-15))/(2/(-6)) is divided by 24?
19
Let f(v) = 11*v + 8 - 6 - 12. What is the remainder when (40/(-15))/(4/(-66)) is divided by f(2)?
8
Let u(w) = -19*w - 9. What is the remainder when 56 is divided by u(-2)?
27
Let b = -10 - -15. Suppose -2*s + 3 = -4*w - 3, b*s + w - 37 = 0. What is the remainder when 19 is divided by s?
5
Suppose k + 5 = 9. Suppose -b + 0*b + 18 = -3*t, 2*t = k*b - 42. What is the remainder when b is divided by 6?
3
Let b(r) = -r**3 + 4*r**2 - 4*r + 3. Let p = 25 - 61. Calculate the remainder when (-8)/p + (-43)/(-9) is divided by b(2).
2
Let n = 1715 + -1636. What is the remainder when n is divided by 41?
38
Suppose 2*d - 2*j = 36, -d - 2*j - 3*j = -12. Suppose -10 = -a + 4*p + d, -3*a + 6 = 3*p. Calculate the remainder when 26 is divided by a.
5
Let s = -21 + 10. Let k(c) = -16*c - 6. Let u(g) = 3*g + 1. Let n(z) = -2*k(z) - 11*u(z). What is the remainder when 35 is divided by n(s)?
11
Calculate the remainder when 4 + -10 - 0 - -2 - -189 is divided by 31.
30
Let m be 88/14 - 6/21. Suppose c + 2 = 3*o - 0*o, 0 = 3*o + 3*c + m. Suppose 18*b - 20*b + 36 = o. Calculate the remainder when 53 is divided by b.
17
Suppose 0 = -0*u - 3*u + 45. Let p = u + -1. Suppose -8*h + 90 = -118. Calculate the remainder when h is divided by p.
12
Let i(g) = 9*g**2 + g**3 + 1 + 2*g + 3 + 7. What is the remainder when i(-8) is divided by 1 + 1/1 - -15 - 2?
14
Let q be ((-3)/3)/((-3)/(-108)). What is the remainder when 3 is divided by 58/18 - (-8)/q?
0
Suppose -7*b = 2*b + 198. Let q = 53 + b. What is the remainder when 122 is divided by q?
29
What is the remainder when (-347)/4*(13 - 17) is divided by 58?
57
What is the remainder when 159 is divided by (-4 + 3)*-32 + -5?
24
Let w(f) = -f**2 - 11*f - 6. Suppose -3*b - 3*b + 384 = 0. What is the remainder when b is divided by w(-7)?
20
Suppose 0 = 35*p + 3*p - 70 - 1336. Suppose -o + i = 3*i - 136, 5*i - 705 = -5*o. Calculate the remainder when o is divided by p.
35
Suppose 5*t + 60*j = 55*j + 185, 0 = -4*j - 8. Let d = 138 + 16. Calculate the remainder when d is divided by t.
37
Suppose 6*i - 137 + 17 = 0. What is the remainder when 51 is divided by i?
11
Let c(m) = m + 5. Let y be c(-6). What is the remainder when y + -3 - -6*(1 - -3) is divided by 8?
4
Suppose -35*x + 491 + 569 = -375. Suppose 2*b = 3*n - 39, b = -3*n - 4*b + 18. Calculate the remainder when x is divided by n.
8
Let v(h) = -h**3 + 10*h**2 - 3*h - 47. Calculate the remainder when 272 is divided by v(8).
44
Let u = 7 + -8. Let m be (1/2)/u*2. Calculate the remainder when 16 is divided by -2 - 44/(-3 + m).
7
Let i = 861 - 773. Calculate the remainder when i is divided by 32.
24
Let g(h) = h**2 - 8*h + 7. Let d be g(11). Let b = d - 23. Calculate the remainder when 50 is divided by b.
16
Let s = 250 - -221. Calculate the remainder when s is divided by 25.
21
Let r(h) = h**3 + 19*h**2 - 3*h + 62. What is the remainder when r(-19) is divided by 41?
37
Let w = 542 - 510. What is the remainder when 126 is divided by w?
30
Let c(r) = 10*r**2 - 18*r + 8. What is the remainder when 394 is divided by c(3)?
42
Let g be 37 - (3 + 2 - 2). Let r = 42 - g. Calculate the remainder when 69 is divided by r.
5
What is the remainder when 73 + 0 - (-9)/(-9) is divided by 7?
2
Let y(s) = 3*s - 5. Suppose 0 = 2*u - 0 - 28. What is the remainder when y(10) is divided by u?
11
Let s(j) = j**3 - 33*j**2 + 48*j + 68. What is the remainder when s(32) is divided by 39?
34
Let p(s) = -2*s**3 + 51*s**2 + 27*s + 1. Let x(w) = -w + 1. Calculate the remainder when p(26) is divided by x(-9).
7
Let h = 12 + -4. Suppose -23 = -h*u + 49. What is the remainder when 43 is divided by u?
7
Suppose -62*g = -10359 - 2165. Calculate the remainder when g is divided by 17.
15
Suppose 0 = -3*z + 4*m + 617 + 518, m - 1884 = -5*z. What is the remainder when z is divided by 184?
9
Let h(z) = 17*z - 2*z**2 + 3 + z**2 - 5. Suppose -u = -3*u + 106. Calculate the remainder when u is divided by h(16).
11
Let u be (30/(-18))/(1/(-3)) - 2. Suppose -3*v = -3*s + 75, 3*s = s - u*v + 55. What is the remainder when s is divided by 15?
11
Let v = 12 - 11. Suppose 0 = a - 6 - v. Let o = a + -4. What is the remainder when 9 is divided by o?
0
Let g = 1180 + -718. What is the remainder when g is divided by 93?
90
Suppose 0 = m - 5*g - 41, -4*g - 200 = -4*m - 2*g. Let k = m + -48. Calculate the remainder when k is divided by 1.
0
Suppose -10*f + 12*f - 5*p - 60 = 0, 0 = -3*f - 4*p + 90. What is the remainder when 137 is divided by f?
17
Let v(z) = 26*z**2 - 3*z + 3. Let w be v(2). Suppose t = -l + 13, 5*l - 4*t = -0*t + w. Let m = -9 + 14. What is t